ppose 2*i = 983 + 3647. What is the units digit of i?
5
Suppose -2*i + 13 = -3*j - 0, 0 = -2*j - 6. What is the units digit of (-110)/(-3) - i/3?
6
Let f = 19 + -19. Suppose 5*x - 2*q - 661 = f, 3*x = 5*q + 203 + 205. What is the tens digit of x?
3
Suppose 2*b - 2 - 6 = 0. Suppose 0*u + b = -u - 2*v, 5*u = 5*v - 5. What is the tens digit of 22 + 4/(0 - u)?
2
Suppose -5*l + 2*d = -142, 2*l = -l + 4*d + 74. Suppose l = 3*m - m. What is the units digit of m?
5
Let j(f) = f**2 + 14*f + 7. Let v be j(-15). Suppose v*i - 23*i + 2 = 0. Suppose 2*t + 3*x - 26 = -0*t, i*x + 27 = 5*t. What is the units digit of t?
7
What is the tens digit of (-105)/(-245) - 6738/(-7)?
6
Let q = 5 + 1. Let t(j) = -2*j. Let x be t(q). Let z = -6 - x. What is the units digit of z?
6
Let w(t) = -t**2 + 9*t - 5. Let p be (-6)/2*(-64)/24. Let f be w(p). Suppose -f*y = -6*y + 81. What is the tens digit of y?
2
Let j(d) = -28*d + 664. What is the hundreds digit of j(0)?
6
Suppose 3*k = 3*m + 27, -7 = -k + 3*m - 0*m. What is the tens digit of (8/14)/(k/245)?
1
Let a = 14 + -6. Let v be 26/a + 7/(-28). Suppose 4 = -v*q + 13, -l + 4*q + 38 = 0. What is the units digit of l?
0
Let q(b) = -100*b - 179. What is the units digit of q(-18)?
1
Let q(c) be the first derivative of 7/3*c**3 - 3/2*c**2 + 4*c - 1 - 1/4*c**4. What is the tens digit of q(6)?
2
Let w = -909 - -1286. What is the hundreds digit of w?
3
Suppose 0 = x - 196 + 60. What is the units digit of x?
6
Let k be 25 - 0/(4/2). Let c = -10 - -3. Let y = c + k. What is the units digit of y?
8
Let h(a) = -4*a + 8. Let y(g) = -g. Let p(l) = h(l) - 2*y(l). Let i(x) = 4*x - 15. Let k(n) = 2*i(n) + 5*p(n). What is the units digit of k(-9)?
8
Let q be 6/(-2) + (-1 - -4). Suppose 5*v - 905 = -q*v. What is the tens digit of v?
8
Let o be -4 + 1 + 2 + 2. What is the tens digit of (69/(-4))/(o/(-4))?
6
Let w(d) = -d**2 + 6*d - 6. Let i be w(4). Suppose -2*m + 28 = i*y - 6*m, 3*y = -3*m - 3. What is the units digit of y/(-3)*(-3)/2?
2
Suppose -7089 = -12*n + 24507. What is the thousands digit of n?
2
Suppose -4*m = -3*c - 1327, 5*m - 2*c - 15 = 1635. What is the hundreds digit of m?
3
Let v(s) = -s**2 + 7*s + 21. Let u be v(9). Suppose -3*y + 7*y + 42 = u*i, -4*i - 4*y = -28. What is the units digit of i?
0
Let k(b) be the third derivative of -2*b**7/315 - b**6/240 + 11*b**5/60 + b**2. Let p(d) be the third derivative of k(d). What is the tens digit of p(-2)?
6
Let h = -302 + 654. What is the tens digit of h?
5
Let f(d) = -6*d. Let q be f(1). Let m be q/(-3 + (0 - -1)). What is the units digit of ((-3)/(-2))/(m/24)?
2
Suppose -5*h + 221858 = 48*h. What is the units digit of h?
6
Let q = 25 - 29. What is the units digit of (-3 - -1) + (-228)/q?
5
Let q(u) = u**2 - 13*u + 26. Let d be q(11). What is the units digit of -472*(d + (-9)/2 - 0)?
6
Let p(x) = -x**3 - 12*x**2 - 8*x - 8. Let d be p(-11). Let g = d - -71. What is the units digit of g?
0
Suppose p - 6 = -2*p. Suppose 0 = p*h - 81 - 57. Let a = -48 + h. What is the tens digit of a?
2
Let d = 7 + -68. Let l = -91 - d. Let n = -12 - l. What is the tens digit of n?
1
Let x(d) = 2*d + 8. Let i be x(6). Suppose -i + 70 = 2*v. Let z = v + 3. What is the units digit of z?
8
Suppose 0 = -2*p + 15*p - 8320. What is the units digit of p?
0
What is the tens digit of 1/(-4 + 5)*137?
3
Let a be (3/12 + 1)/((-2)/(-8)). Suppose 0 = -a*l + 762 + 18. What is the units digit of l?
6
Suppose -51 = -2*q + 541. Let w = 427 - q. What is the units digit of w?
1
Suppose 3*p + 4*x - 2155 = 0, -3577 = -5*p - 0*x - 3*x. What is the tens digit of p?
1
Let l(n) = 85*n - 11. Suppose -3*b - 83 = -89. What is the units digit of l(b)?
9
Let c be ((-1)/1)/((-4)/(-40)). Let o(r) be the third derivative of -r**5/60 - r**4/2 - 3*r**3/2 - 2*r**2 + 45*r. What is the tens digit of o(c)?
1
Suppose 0 = -f + 4*f + 12, 0 = 5*o - f - 129. What is the tens digit of o?
2
Suppose -p - p = -4. Let c = 921 - 891. What is the tens digit of p/10 - (-1554)/c?
5
Let k = -58 - -53. Let t(z) be the second derivative of z**5/20 + z**4/2 - 9*z**2/2 + 5*z. What is the tens digit of t(k)?
1
Suppose -216 = -4*s + 356. What is the tens digit of s?
4
Suppose 4*k - 5 = -c - 48, -39 = 2*k - 3*c. Let m(p) = p**3 + 11*p**2 - 12*p - 16. Let b be m(k). What is the tens digit of b/(-6)*(4 + 14)?
4
What is the units digit of (2/(-2) + 2)*1 - -625?
6
Let s(f) = 3*f**2 + 11*f + 38. What is the tens digit of s(16)?
8
Let h be (2 + -4)/(3/6). Let y(n) = 3 + 2*n**2 + 1 + 3*n - 2 - 7. What is the tens digit of y(h)?
1
Let i be 804/2 + 0/((-16)/4). Suppose -i = -z - 2*z. What is the hundreds digit of z?
1
Let g = -4714 - -7601. What is the hundreds digit of g?
8
What is the thousands digit of 1800*4/((-144)/(-27))?
1
Let h(n) = n**3 - 15*n**2 + 19*n - 17. Let y be h(14). Let k = 92 - y. What is the units digit of k?
9
Suppose 7*q - 3*q = 8. Let j be (1 - q)*1 - -5. Suppose -4*r + 3*m + 2 = 0, m = -j*r - m + 12. What is the units digit of r?
2
Let p = -35 + 41. Suppose p*f = 3*f + 36. Suppose -244 = -6*b + b + 4*r, -f = -3*r. What is the units digit of b?
2
Let u(x) = -x - 3. Let l(f) = -f - 4. Let v(d) = 5*l(d) - 6*u(d). Let g be v(3). What is the tens digit of (((-26)/(-1))/2)/g?
1
Let r(g) = g**2 + 9*g - 3. Let h be r(-7). Let i be (-1 + 4)*1 - h. What is the units digit of 3 - 5/(i/(-196))?
2
Let z = 51 - 28. Let t = z + -14. Suppose -t = 3*j + 3*s - 33, -5*s = 4*j - 37. What is the units digit of j?
3
Suppose 12 = 31*x - 28*x. Suppose 1256 = x*m + 104. What is the units digit of m?
8
Suppose 0*b + 4 = 4*b, 2*b = -3*n - 22. Let u be 7 + -5 + (n - 0). Let i(v) = -6*v - 9. What is the tens digit of i(u)?
2
Suppose -4*f + 9 = -19. Let h(k) = k + 7. Let j be h(f). Let l = j + 12. What is the units digit of l?
6
Suppose 4*o + 21 = 3*x + 7*o, 0 = -3*x + 5*o + 5. Let i(b) = b**3 - b**2 - b - 1. What is the units digit of i(x)?
4
What is the hundreds digit of (-3)/(-7) + (-520016)/(-392)?
3
Let p = -7 - -12. Suppose p*u = f + f - 282, 0 = 4*f - 4*u - 540. What is the units digit of f?
1
Suppose -u - 3 + 2 = 0. What is the units digit of 3878/35 + -6 + u/(-5)?
5
What is the tens digit of 5*9*862/30?
9
Suppose 7 + 1 = -2*u - 4*v, 4*v + 20 = 4*u. Suppose -z + 8 = -0*n + u*n, -13 = 4*z - n. What is the units digit of (1 - z)*238/21?
4
Let y = -36 + 35. Let j(r) = 81*r**2 - 3*r - 2. What is the tens digit of j(y)?
8
Let r(l) = 77*l**2 - l. What is the units digit of r(-1)?
8
Let y = 2882 - 1133. What is the thousands digit of y?
1
Let c = 8 - 21. Let l = -11 - c. What is the units digit of (-9)/18 + 49/l?
4
Let i(p) = 2*p - 13 - 8*p + 7*p. What is the units digit of i(21)?
8
Let m be (-1235)/(-26) + (-2)/4. Suppose -o - 2*s = -m - 16, o = 4*s + 45. What is the tens digit of o?
5
Let k(x) = -x**3 - 4*x**2 + x + 289. What is the units digit of k(0)?
9
Let j = -12 - -16. Suppose j*r + 640 = 12*r. What is the units digit of r?
0
Suppose -7*y - 453 = -1335. Let x = y - 75. What is the units digit of x?
1
Suppose -5*r + 0*f + 919 = 4*f, r - f - 191 = 0. Let u = 346 - r. What is the hundreds digit of u?
1
Let b be 140/63 + 2/(-9). Suppose 0 = -2*k - 4*s, -k - 3*s = -b*s - 1. What is the units digit of 0 - k - 102/(-6)?
5
Let u = -1654 + 3077. What is the units digit of u?
3
Let m be (39/(-26))/(3/(-14)). Suppose m*r = 12*r - 930. What is the hundreds digit of r?
1
Let d = -33 - -33. Suppose 2*j - v = 187, j - 71 = -d*j + 5*v. What is the units digit of j?
6
Let h be (-4)/(-2)*(-979)/22. Let v = -35 - h. Suppose -a = -4*a + v. What is the tens digit of a?
1
Suppose -58*p = -51*p - 6888. What is the units digit of p?
4
Let v(f) = 67*f**3 - 12*f**2 - 2*f + 3. What is the units digit of v(2)?
7
Let x(f) = 11*f - 8*f - 11*f - f**2 + 6. Suppose -4*w - 7 = 4*h + w, 4*w - 36 = 2*h. What is the units digit of x(h)?
6
Let t(w) be the first derivative of w**2/2 + 6*w + 12. Let d be t(-5). Suppose 5*v = 15, j - v - 3*v = d. What is the tens digit of j?
1
Suppose -3*c - 3*m + 825 = 0, 19*m + 6 = 16*m. What is the tens digit of c?
7
Let d be -1 - (36/(-6) - -5). What is the hundreds digit of 2*49/((-4)/(-10) - d)?
2
Suppose 207*u = 213*u - 8244. What is the thousands digit of u?
1
Let p(q) = -q**2 + 14*q + 7. Let y be (-117)/(-13) - (-1 + 1). What is the tens digit of p(y)?
5
Let a = 32